3).
-17
Let z(q) = q**2 - 240*q + 9419. Calculate z(49).
60
Let k(x) = -x**3 + x**2 + 11*x - 7. Give k(2).
11
Let g(x) = x**3 - 43*x. Give g(-6).
42
Let r(w) = 41*w + 87. Calculate r(-8).
-241
Let k(z) = -2*z**2 - 20*z + 149. Give k(5).
-1
Let y(j) = 302*j - 870. Calculate y(3).
36
Let d(q) = -3*q**2 - 566*q - 3325. Give d(-6).
-37
Let p(l) = -5811*l - 209196. Give p(-36).
0
Let b(z) = z**3 + 28*z**2 - 83*z + 319. What is b(-31)?
9
Let i(n) = -n**3 - 14*n**2 - 42*n - 35. Give i(-10).
-15
Let r(s) = 148*s + 3. Give r(-1).
-145
Let u(r) = -14*r**2 + 18*r. What is u(1)?
4
Let h(y) = 56*y**2 - 36*y + 37. What is h(1)?
57
Let y(l) = -9*l - 77. Calculate y(14).
-203
Let v(p) = 28*p**2 - 425*p - 365. What is v(16)?
3
Let r(w) = -200*w + 824. Give r(4).
24
Let b(s) = 4*s**2 - 99*s - 88. What is b(25)?
-63
Let j(t) = -49*t - 730. Calculate j(-14).
-44
Let a(t) = -16508*t + 16511. Give a(1).
3
Let s(u) = 21*u**3 - 5838*u**2 - 4*u + 1107. Determine s(278).
-5
Let w(u) = 4*u**2 + 196*u + 1556. What is w(-10)?
-4
Let q(f) = -14299*f + 200187. Determine q(14).
1
Let h(q) = q**2 + 82*q - 78. Give h(-83).
5
Let d(q) = -2*q**3 - 469*q**2 + 710*q + 470. Determine d(-236).
-2
Let n(f) = -6*f**2 - 11*f + 54. What is n(5)?
-151
Let k(v) = -v**3 + 17*v**2 - 151*v + 1088. Determine k(12).
-4
Let a(j) = -j**3 - j**2 + 15*j - 16. Calculate a(3).
-7
Let v(t) = -2*t**2 - 1751*t + 5261. Give v(3).
-10
Let j(b) = 9*b**2 + 157*b + 78. Give j(-17).
10
Let b(q) = -31*q + 3295. Determine b(106).
9
Let s(y) = -385*y - 14669. Give s(-38).
-39
Let a(f) = -15*f**3 - 9*f**2 - 12*f + 13. Calculate a(-3).
373
Let h(u) = -45*u**2 + 311*u + 10. Give h(7).
-18
Let q(g) = 17*g**2 + 1052*g - 128. Give q(-62).
-4
Let u(z) = 22*z + 268. What is u(-35)?
-502
Let v(j) = -2*j + 49. Give v(51).
-53
Let w(d) = 8*d**2 + 314*d - 3. Give w(-39).
-81
Let r(d) = -12*d - 814. Calculate r(-76).
98
Let v(j) = -j**3 - 39*j**2 + 38*j - 111. Calculate v(-40).
-31
Let u(k) = k**3 + 28*k**2 - 28*k - 78. What is u(0)?
-78
Let v(j) = -j**2 + 1027*j - 9168. What is v(9)?
-6
Let f(s) = 227*s + 2014. Calculate f(-9).
-29
Let i(r) = 6*r**2 - 138*r + 751. Determine i(6).
139
Let b(t) = -t - 43. Calculate b(-20).
-23
Let b(m) = m**3 + 61*m**2 + 372*m + 8212. Calculate b(-57).
4
Let z(g) = 12*g + 239. Calculate z(0).
239
Let o(y) = y**2 - 34*y + 80. Calculate o(28).
-88
Let y(j) = -j**2 - 134*j - 1472. Calculate y(-13).
101
Let x(b) = 127*b**2 - 11938*b + 11. Calculate x(94).
11
Let h(s) = s**3 + 2*s**2 - 64*s - 37. Give h(7).
-44
Let k(x) = -3*x**2 + 639*x - 1923. Determine k(3).
-33
Let v(n) = -3*n + 124. Determine v(46).
-14
Let b(g) = g**3 - 15*g**2 + 68*g - 103. Determine b(8).
-7
Let n(a) = -a**3 - 21*a**2 + 261*a - 276. Calculate n(-30).
-6
Let x(m) = m**3 + 14*m**2 - 6*m - 188. What is x(-13)?
59
Let j(u) = -51*u**2 + 9*u + 2. Calculate j(-1).
-58
Let i(y) = y**3 + 64*y**2 + 39*y - 1509. Give i(-63).
3
Let i(m) = 12*m**2 + 10*m - 4. Give i(4).
228
Let y(d) = -180*d - 6474. Calculate y(-36).
6
Let g(z) = 2*z**2 + 24*z - 149. Determine g(-16).
-21
Let i(w) = -w**3 - 25*w**2 - 27*w - 684. Calculate i(-25).
-9
Let w(k) = -5*k**2 + 14*k + 50. Give w(-2).
2
Let f(g) = g**3 - 6*g**2 + 13. Determine f(5).
-12
Let y(x) = 54*x - 3195. Give y(61).
99
Let c(h) = -h**3 + 22*h**2 - 45*h + 89. Calculate c(20).
-11
Let v(y) = y**3 - 106*y**2 + 595*y + 495. Give v(100).
-5
Let n(f) = f**2 - 39*f + 250. Determine n(25).
-100
Let h(i) = i**3 - 14*i**2 + 25*i - 27. Give h(8).
-211
Let n(d) = -234*d - 12440. Give n(-53).
-38
Let c(d) = -23*d - 26. Calculate c(-1).
-3
Let x(z) = -2*z**3 - 235*z**2 + 1097*z - 122. What is x(-122)?
0
Let h(l) = -10*l**3 - 150*l**2 + 4*l + 132. Calculate h(-15).
72
Let w(f) = 106*f + 3706. What is w(-35)?
-4
Let j(p) = p**3 + 24*p**2 + 45*p + 37. Give j(-22).
15
Let f(r) = r**2 + 20*r - 110. Give f(6).
46
Let n(g) = g**3 + 36*g**2 - 2*g + 82. Give n(-36).
154
Let d(y) = 4*y + 43. Determine d(-19).
-33
Let n(q) = 6*q - 9. What is n(13)?
69
Let o(s) = 37*s**3 - 4*s - 3. What is o(-1)?
-36
Let k(n) = n**2 - 36*n + 126. Calculate k(4).
-2
Let s(z) = -2*z**2 - 20*z - 57. Calculate s(-10).
-57
Let w(g) = 77*g - 21. What is w(0)?
-21
Let g(i) = -6*i**2 - 471*i + 257. Calculate g(-79).
20
Let m(d) = d**2 + 31*d + 187. Calculate m(-6).
37
Let v(o) = -o**3 + 14*o**2 + 9*o - 30. Determine v(15).
-120
Let m(j) = 44*j + 337. Give m(-8).
-15
Let n(g) = -g**3 + 4*g**2 + 43*g - 16. Give n(-5).
-6
Let b(s) = -s**2 - 6318*s + 63297. Calculate b(10).
17
Let b(g) = -7*g**2 - 26*g + 426. Give b(-10).
-14
Let v(a) = a**3 + 16*a**2 + 72*a + 113. Determine v(-10).
-7
Let y(u) = u**3 + 3*u**2 - 7*u + 14. What is y(-4)?
26
Let l(t) = -t**3 - 29*t**2 + 149*t + 542. Determine l(-33).
-19
Let c(q) = 158*q - 3330. Determine c(20).
-170
Let g(n) = 131*n - 244. What is g(2)?
18
Let q(a) = a**2 + 143*a + 288. What is q(-2)?
6
Let j(x) = -7*x**3 - 24*x**2 - 10*x - 8. Calculate j(-3).
-5
Let c(v) = -35*v**2 - 440*v + 172. Calculate c(-13).
-23
Let f(x) = 16*x**2 - 43*x + 12. What is f(9)?
921
Let p(m) = 31*m - 13. Calculate p(-7).
-230
Let a(u) = 2*u**2 + 8*u - 13440. What is a(80)?
0
Let f(y) = 13*y + 18. Calculate f(4).
70
Let b(o) = 137*o - 1239. Determine b(9).
-6
Let r(g) = -864*g + 6017. Calculate r(7).
-31
Let v(r) = 3*r**2 + 294*r - 4706. Give v(-112).
-2
Let c(i) = -2*i**3 - 124*i**2 - 65*i + 3497. Give c(-61).
20
Let y(i) = -i**2 - 119*i + 1164. Give y(-128).
12
Let s(u) = 6*u - 35. Give s(-39).
-269
Let m(w) = 66*w + 937. What is m(-15)?
-53
Let f(w) = -13935*w + 13933. Give f(1).
-2
Let l(o) = 13*o**2 - 318*o + 1616. What is l(7)?
27
Let z(m) = 1016*m + 33517. Determine z(-33).
-11
Let s(x) = x**3 + 9*x**2 + 17*x - 27. What is s(-7)?
-48
Let s(x) = 47*x**2 + 210*x - 210. Calculate s(1).
47
Let i(h) = 15*h**2 - 44*h - 160. Determine i(-3).
107
Let n(c) = -c**3 + 22*c**2 + 602*c + 252. Give n(38).
24
Let d(c) = -c**3 - 18*c**2 - 3*c + 620. Give d(-15).
-10
Let z(f) = 4*f**2 + 194*f + 952. Give z(-43).
6
Let o(q) = -2*q**3 - 39*q**2 + 21*q - 35. Determine o(-20).
-55
Let f(d) = 7*d + 408. Determine f(-59).
-5
Let t(q) = -12*q**2 - 339*q + 339. What is t(1)?
-12
Let q(w) = w**3 + 39*w**2 + 40*w + 47. Give q(-38).
-29
Let q(o) = -138*o**2 - 1788*o + 71. What is q(-13)?
-7
Let o(w) = w**2 - 132*w - 520. What is o(-4)?
24
Let p(b) = 2*b**2 + 66*b + 515. Determine p(-10).
55
Let w(a) = a**2 + 35*a + 29. What is w(-32)?
-67
Let k(g) = 2*g**3 - 8*g - 96. Give k(0).
-96
Let x(d) = 5*d**3 - 20*d**2 + 4*d + 67. What is x(4)?
83
Let o(t) = 2158*t - 127326. Give o(59).
-4
Let u(x) = -90*x + 126. Calculate u(-3).
396
Let x(n) = -n**3 + 18*n**2 + 33*n. What is x(19)?
266
Let f(p) = p**2 + 211*p - 652. What is f(3)?
-10
Let f(n) = n**2 + 2522*n - 243195. Calculate f(93).
0
Let f(v) = 167*v**3 - 4*v**2 + v - 2. What is f(1)?
162
Let s(f) = 297*f + 306. Give s(-1).
9
Let m(y) = 4*y**2 + 116*y - 239. Calculate m(-31).
9
Let b(w) = w**3 - 27*w**2 - 2*w + 101. Give b(27).
47
Let u(l) = -4*l**2 - 40*l + 31. Give u(-11).
-13
Let v(s) = -3*s**3 - 13*s**2 - 47*s - 183. What is v(-4)?
-11
Let y(z) = 73*z**2 + 657*z - 5. What is y(-9)?
-5
Let s(y) = y**3 + 4*y**2 - 2*y - 71. Determine s(-8).
-311
Let x(q) = -53*q + 86. What is x(3)?
-73
Let w(j) = 13*j - 317. What is w(27)?
34
Let c(z) = 30*z - 503. What is c(22)?
157
Let c(f) = 10*f**2 - 24*f - 161. Give c(-5).
209
Let h(a) = -a**2 + a + 29763. Calculate h(173).
7
Let g(p) = 3*p**3 + 14*p**2 - 68*p. What is g(-7)?
133
Let m(h) = -h**3 - 4*h**2 + 2*h - 87. What is m(-7)?
46
Let y(m) = 2*m**3 - 23*m**2 + 13*m - 20. Calculate y(10).
-190
Let z(m) = -m**3 + 23*m**2 - 29*m - 31. Determine z(22).
-185
Let r(y) = -2*y**2 + 461*y - 2277. Calculate r(5).
-22
Let x(d) = 4649*d + 320787. What is x(-69)?
6
Let a(b) = -b**2 - 2*b + 54. What is a(-5)?
39
Let k(a) = 162*a + 791. Determine k(-4).
143
Let k(x) = 4*x**2 - 57*x + 343. Calculate k(7).
140
Let l(s) = -159*s - 520. Calculate l(-4).
116
Let l(z) = -4*z**2 + 3*z + 45. What is l(12)?
-495
Let y(d) = d**3 + 3*d**2 - 37*d + 30. Give y(0).
30
Let v(j) = j**3 - 7*j**2 + 14*j - 14. What is v(5)?
6
Let w(s) = -s**2 - 41*s + 134. What is w(-48)?
-202
Let n(b) = 2*b**2 + 21*b + 30. Determine n(-6).
-24
Let d(s) = -s**2 - 163*s - 19. What is d(0)?
-19
Let y(s) 